{"id":3174,"date":"2017-11-10T22:16:09","date_gmt":"2017-11-10T20:16:09","guid":{"rendered":"http:\/\/www.obec-stasov.cz\/?page_id=3174"},"modified":"2023-09-03T16:51:19","modified_gmt":"2023-09-03T14:51:19","slug":"verejnopravni-smlouvy","status":"publish","type":"page","link":"http:\/\/www.obec-stasov.cz\/?page_id=3174","title":{"rendered":"Ve\u0159ejnopr\u00e1vn\u00ed smlouvy"},"content":{"rendered":"\n<p>2023<\/p>\n\n\n\n<div class=\"wp-block-file\"><a id=\"wp-block-file--media-ccf6e768-7b6a-4078-b88a-cc3155ed0052\" href=\"https:\/\/www.obec-stasov.cz\/wp-content\/uploads\/2023\/09\/Smlouva-o-poskytnuti-uceloveho-prispevku-MAS.pdf\">Smlouva-o-poskytnuti-uceloveho-prispevku-MAS<\/a><a href=\"https:\/\/www.obec-stasov.cz\/wp-content\/uploads\/2023\/09\/Smlouva-o-poskytnuti-uceloveho-prispevku-MAS.pdf\" class=\"wp-block-file__button wp-element-button\" download aria-describedby=\"wp-block-file--media-ccf6e768-7b6a-4078-b88a-cc3155ed0052\">St\u00e1hnout<\/a><\/div>\n\n\n\n<div class=\"wp-block-file\"><a id=\"wp-block-file--media-7c904a98-74e5-42d7-9ecf-5cd6edd4474b\" href=\"https:\/\/www.obec-stasov.cz\/wp-content\/uploads\/2023\/06\/Verejnopravni-smlouva-o-poskytnuti-dotace-Stasov_solarni-dobijeci-stanice_29.5.2023.pdf\">Verejnopravni-smlouva-o-poskytnuti-dotace-Stasov_solarni-dobijeci-stanice_29.5.2023<\/a><a href=\"https:\/\/www.obec-stasov.cz\/wp-content\/uploads\/2023\/06\/Verejnopravni-smlouva-o-poskytnuti-dotace-Stasov_solarni-dobijeci-stanice_29.5.2023.pdf\" class=\"wp-block-file__button wp-element-button\" download aria-describedby=\"wp-block-file--media-7c904a98-74e5-42d7-9ecf-5cd6edd4474b\">St\u00e1hnout<\/a><\/div>\n\n\n\n<div class=\"wp-block-file\"><a id=\"wp-block-file--media-9e7759ac-7ca3-43c2-bf52-7d2524dd7560\" href=\"https:\/\/www.obec-stasov.cz\/wp-content\/uploads\/2023\/06\/Verejnopravni-smlouva-o-bezplatnem-prevodu-majetku_komunalni-technika_obec-Stasov_10.2.2023.pdf\">Verejnopravni-smlouva-o-bezplatnem-prevodu-majetku_komunalni-technika_obec-Stasov_10.2.2023<\/a><a href=\"https:\/\/www.obec-stasov.cz\/wp-content\/uploads\/2023\/06\/Verejnopravni-smlouva-o-bezplatnem-prevodu-majetku_komunalni-technika_obec-Stasov_10.2.2023.pdf\" class=\"wp-block-file__button wp-element-button\" download aria-describedby=\"wp-block-file--media-9e7759ac-7ca3-43c2-bf52-7d2524dd7560\">St\u00e1hnout<\/a><\/div>\n\n\n\n<p>2022<\/p>\n\n\n\n<p><a href=\"http:\/\/www.obec-stasov.cz\/wp-content\/uploads\/2017\/11\/Ve\u0159ejnopr\u00e1vn\u00ed-smlouva-o-poskytnut\u00ed-dotace-roz\u0161\u00ed\u0159en\u00ed-velkoprostorov\u00e9ho-stanu-Mikroregion-8.9.2022.pdf\">Ve\u0159ejnopr\u00e1vn\u00ed smlouva o poskytnut\u00ed dotace &#8211; roz\u0161\u00ed\u0159en\u00ed velkoprostorov\u00e9ho stanu Mikroregion 8.9.2022<\/a><\/p>\n\n\n\n<p><a href=\"http:\/\/www.obec-stasov.cz\/wp-content\/uploads\/2017\/11\/Ve\u0159ejnopr\u00e1vn\u00ed-smlouva-o-poskytnut\u00ed-dotace-velkoprostorov\u00fd-stan.pdf\">Ve\u0159ejnopr\u00e1vn\u00ed smlouva o poskytnut\u00ed dotace &#8211; velkoprostorov\u00fd stan<\/a><\/p>\n\n\n\n<p><a href=\"http:\/\/www.obec-stasov.cz\/wp-content\/uploads\/2017\/11\/Ve\u0159ejnopr\u00e1vn\u00ed-smlouva-o-poskytnut\u00ed-dotace-komun\u00e1ln\u00ed-technika.pdf\">Ve\u0159ejnopr\u00e1vn\u00ed smlouva o poskytnut\u00ed dotace &#8211; komun\u00e1ln\u00ed technika<\/a><\/p>\n\n\n\n<p><a href=\"http:\/\/www.obec-stasov.cz\/wp-content\/uploads\/2017\/11\/Ve\u0159ejnopr\u00e1vn\u00ed-smlouva-m\u011bsto-Poli\u010dka.pdf\">Ve\u0159ejnopr\u00e1vn\u00ed smlouva &#8211; m\u011bsto Poli\u010dka<\/a><\/p>\n","protected":false},"excerpt":{"rendered":"<p>2023 2022 Ve\u0159ejnopr\u00e1vn\u00ed smlouva o poskytnut\u00ed dotace &#8211; roz\u0161\u00ed\u0159en\u00ed velkoprostorov\u00e9ho stanu Mikroregion 8.9.2022 Ve\u0159ejnopr\u00e1vn\u00ed smlouva o poskytnut\u00ed dotace &#8211; velkoprostorov\u00fd stan Ve\u0159ejnopr\u00e1vn\u00ed smlouva o poskytnut\u00ed dotace &#8211; komun\u00e1ln\u00ed technika Ve\u0159ejnopr\u00e1vn\u00ed smlouva &#8211; m\u011bsto Poli\u010dka<\/p>\n","protected":false},"author":4,"featured_media":0,"parent":1,"menu_order":0,"comment_status":"open","ping_status":"closed","template":"","meta":{"footnotes":""},"_links":{"self":[{"href":"http:\/\/www.obec-stasov.cz\/index.php?rest_route=\/wp\/v2\/pages\/3174"}],"collection":[{"href":"http:\/\/www.obec-stasov.cz\/index.php?rest_route=\/wp\/v2\/pages"}],"about":[{"href":"http:\/\/www.obec-stasov.cz\/index.php?rest_route=\/wp\/v2\/types\/page"}],"author":[{"embeddable":true,"href":"http:\/\/www.obec-stasov.cz\/index.php?rest_route=\/wp\/v2\/users\/4"}],"replies":[{"embeddable":true,"href":"http:\/\/www.obec-stasov.cz\/index.php?rest_route=%2Fwp%2Fv2%2Fcomments&post=3174"}],"version-history":[{"count":14,"href":"http:\/\/www.obec-stasov.cz\/index.php?rest_route=\/wp\/v2\/pages\/3174\/revisions"}],"predecessor-version":[{"id":5795,"href":"http:\/\/www.obec-stasov.cz\/index.php?rest_route=\/wp\/v2\/pages\/3174\/revisions\/5795"}],"up":[{"embeddable":true,"href":"http:\/\/www.obec-stasov.cz\/index.php?rest_route=\/wp\/v2\/pages\/1"}],"wp:attachment":[{"href":"http:\/\/www.obec-stasov.cz\/index.php?rest_route=%2Fwp%2Fv2%2Fmedia&parent=3174"}],"curies":[{"name":"wp","href":"https:\/\/api.w.org\/{rel}","templated":true}]}}