{"id":54,"date":"2007-04-07T20:07:08","date_gmt":"2007-04-07T19:07:08","guid":{"rendered":"http:\/\/obec-stasov.cz\/?page_id=54"},"modified":"2023-07-24T20:32:25","modified_gmt":"2023-07-24T18:32:25","slug":"zastupitelstvo","status":"publish","type":"page","link":"http:\/\/www.obec-stasov.cz\/?page_id=54","title":{"rendered":"Zastupitelstvo"},"content":{"rendered":"<p>Dne 17.10.2022 bylo zvoleno nov\u00e9 zastupitelstvo obce Sta\u0161ov\u00a0 v tomto slo\u017een\u00ed:<\/p>\n<p><strong>Starostka obce: <\/strong>Vendolsk\u00e1 Alena<\/p>\n<p><strong>M\u00edstostarosta obce: <\/strong>Penias Mari\u00e1n<\/p>\n<p><strong>Zastupitel\u00e9: <\/strong>Frodl Miroslav, Penias Josef, Vendolsk\u00fd Leo\u0161, Frodl Du\u0161an, Kova\u0159\u00edk Petr, Mauerov\u00e1 Milada<\/p>\n<p><strong>Finan\u010dn\u00ed komise:<\/strong>\u00a0Frodl Du\u0161an, Mauerov\u00e1 Milada, Audyov\u00e1 Helena<\/p>\n<p><strong>Kontroln\u00ed komise:<\/strong>\u00a0Vendolsk\u00fd Leo\u0161, Kova\u0159\u00edk Petr, Frodl Miroslav<\/p>\n<p><strong>Kulturn\u00ed komise<\/strong>: Mauerov\u00e1 Milada, Kru\u0161inov\u00e1 Anna, Mauer Radek<\/p>\n<p>Ur\u010den\u00fd zastupitel pro \u00fazemn\u00ed pl\u00e1nov\u00e1n\u00ed \u2013 Penias Mari\u00e1n<\/p>\n","protected":false},"excerpt":{"rendered":"<p>Dne 17.10.2022 bylo zvoleno nov\u00e9 zastupitelstvo obce Sta\u0161ov\u00a0 v tomto slo\u017een\u00ed: Starostka obce: Vendolsk\u00e1 Alena M\u00edstostarosta obce: Penias Mari\u00e1n Zastupitel\u00e9: Frodl Miroslav, Penias Josef, Vendolsk\u00fd Leo\u0161, Frodl Du\u0161an, Kova\u0159\u00edk Petr, Mauerov\u00e1 Milada Finan\u010dn\u00ed komise:\u00a0Frodl Du\u0161an, Mauerov\u00e1 Milada, Audyov\u00e1 Helena Kontroln\u00ed komise:\u00a0Vendolsk\u00fd Leo\u0161, Kova\u0159\u00edk Petr, Frodl Miroslav Kulturn\u00ed komise: Mauerov\u00e1 Milada, Kru\u0161inov\u00e1 Anna, Mauer Radek Ur\u010den\u00fd [&hellip;]<\/p>\n","protected":false},"author":1,"featured_media":0,"parent":15,"menu_order":0,"comment_status":"closed","ping_status":"closed","template":"","meta":{"footnotes":""},"_links":{"self":[{"href":"http:\/\/www.obec-stasov.cz\/index.php?rest_route=\/wp\/v2\/pages\/54"}],"collection":[{"href":"http:\/\/www.obec-stasov.cz\/index.php?rest_route=\/wp\/v2\/pages"}],"about":[{"href":"http:\/\/www.obec-stasov.cz\/index.php?rest_route=\/wp\/v2\/types\/page"}],"author":[{"embeddable":true,"href":"http:\/\/www.obec-stasov.cz\/index.php?rest_route=\/wp\/v2\/users\/1"}],"replies":[{"embeddable":true,"href":"http:\/\/www.obec-stasov.cz\/index.php?rest_route=%2Fwp%2Fv2%2Fcomments&post=54"}],"version-history":[{"count":9,"href":"http:\/\/www.obec-stasov.cz\/index.php?rest_route=\/wp\/v2\/pages\/54\/revisions"}],"predecessor-version":[{"id":5687,"href":"http:\/\/www.obec-stasov.cz\/index.php?rest_route=\/wp\/v2\/pages\/54\/revisions\/5687"}],"up":[{"embeddable":true,"href":"http:\/\/www.obec-stasov.cz\/index.php?rest_route=\/wp\/v2\/pages\/15"}],"wp:attachment":[{"href":"http:\/\/www.obec-stasov.cz\/index.php?rest_route=%2Fwp%2Fv2%2Fmedia&parent=54"}],"curies":[{"name":"wp","href":"https:\/\/api.w.org\/{rel}","templated":true}]}}