{"id":57,"date":"2007-04-08T13:06:29","date_gmt":"2007-04-08T12:06:29","guid":{"rendered":"http:\/\/obec-stasov.cz\/?page_id=57"},"modified":"2025-12-09T10:13:37","modified_gmt":"2025-12-09T08:13:37","slug":"svozy-odpadu","status":"publish","type":"page","link":"http:\/\/www.obec-stasov.cz\/?page_id=57","title":{"rendered":"Svozy odpadu 2026"},"content":{"rendered":"<p><strong>Rok 2026 velkoobjemov\u00fd a nebezpe\u010dn\u00fd odpad<\/strong><\/p>\n<p><strong>Sb\u011br p\u0159\u00edmo do vozidel!\u00a0<\/strong><\/p>\n<p><strong>D\u016fvodem regulace je nerespektov\u00e1n\u00ed specifikace nebezpe\u010dn\u00e9ho odpadu, ob\u010dan\u00e9 se zbavovali i velkoobjemov\u00e9ho odpadu a \u017eeleza, a nedodr\u017eovali jeho t\u0159\u00edd\u011bn\u00ed.<\/strong><\/p>\n<p>P\u0159ej\u00edmka nebezpe\u010dn\u00e9ho a velkoobjemov\u00e9ho odpadu<strong> p\u0159\u00edmo do vozidel cca po 15 minut\u00e1ch na zast\u00e1vce u transform\u00e1toru, zast\u00e1vce u hostince a to\u010dn\u011b pod kostelem:\u00a0\u00a0\u00a0\u00a0\u00a0\u00a0 <\/strong><\/p>\n<div>19.05.2026 v 15.00\u00a0<strong> nebezpe\u010dn\u00fd a velkoobjemov\u00fd odpad<\/strong><\/div>\n<div>12.10.2026 v 15.00 <strong>nebezpe\u010dn\u00fd odpad<\/strong><\/div>\n<p><strong>Do t\u011bchto odpad\u016f pat\u0159\u00ed<\/strong>: zne\u010di\u0161t\u011bn\u00fd obalov\u00fd materi\u00e1l od barev a olej\u016f, zne\u010di\u0161t\u011bn\u00fd textil od \u0161kodlivin, olejov\u00e9 filtry, akumul\u00e1tory, v\u00fdbojky, z\u00e1\u0159ivky, odpadn\u00ed oleje, star\u00e9 n\u00e1t\u011brov\u00e9 hmoty, televizory, r\u00e1dia, po\u010d\u00edta\u010de, star\u00e9 l\u00e9ky, baterie (mono\u010dl\u00e1nky), ledni\u010dky, mrazni\u010dky, star\u00e9 p\u0159\u00edpravky na ochranu rostlin, tmely, lepidla, teplom\u011bry, kosmetika (laky, barvy, studen\u00e9 vlny apod.), l\u00e9\u010diva s\u00a0pro\u0161lou dobou trvanlivosti, asfaltov\u00e9 lepenky. <strong>Do tohoto odpadu nepat\u0159\u00ed stavebn\u00ed su\u0165<\/strong>.<\/p>\n<p><strong>Jin\u00e9 odpady, ne\u017e v\u00fd\u0161e uveden\u00e9, nebudou p\u0159evzaty! <\/strong><\/p>\n<p><strong>Svoz plastov\u00e9ho odpadu a tetrapaku<\/strong>: kontejnery &#8211; <strong>ka\u017ed\u00fd t\u00fdden v p\u00e1tek<\/strong><\/p>\n<p><strong>Svoz pap\u00edru:<\/strong> kontejnery &#8211;\u00a01 x za 14 dn\u016f \u2013 <strong><span style=\"color: #0000ff;\">lich\u00e9<\/span>\u00a0\u00fater\u00fd<\/strong><\/p>\n<p><strong>Svozy komun\u00e1ln\u00edho odpadu: <\/strong>popelnice &#8211; <strong>ka\u017ed\u00fd <span style=\"color: #0000ff;\">sud\u00fd<\/span> p\u00e1tek<\/strong><\/p>\n<p><strong>Svozy skla, kov\u016f, elektroodpadu a textilu:<\/strong> dle nahl\u00e1\u0161en\u00ed pot\u0159eby<\/p>\n<p><strong>Vyv\u00e1\u017een\u00ed fek\u00e1li\u00ed<\/strong><\/p>\n<p><strong>&#8222;VHOS&#8220;<\/strong> \u010disti\u010dka odpadn\u00edch vod Svitavy, kontaktn\u00ed osoba p. Erbes tel.602 356 484 (volat pouze Po-Pa), (obsah vozidla Tatra 11m3),<\/p>\n<p><strong>Technick\u00e9 slu\u017eby obce Kv\u011btn\u00e1 s r.o.<\/strong>\u00a0&#8211;\u00a0 kontaktn\u00ed osoba p. \u0160kva\u0159il tel. 605\u00a0246\u00a0880<\/p>\n<p><strong>Str\u00e1n\u00edk doprava<\/strong> Doln\u00ed \u00dajezd &#8211; v\u00fdvoz odpadn\u00edch vod s ulo\u017een\u00edm na \u010cOV 605 755 544\/ 739 726 910\u00a0 po domluv\u011b mo\u017enost zv\u00fdhodn\u011bn\u00fd hromadn\u00fd v\u00fdvoz<br \/>\nz jedn\u00e9 lokality (nap\u0159. men\u0161\u00ed j\u00edmky 7m3+5m3 ,3m3+5m3+4m3)<\/p>\n<p>o<a href=\"http:\/\/www.obec-stasov.cz\/wp-content\/uploads\/2007\/04\/Obecn\u00e9-info-t\u0159\u00edd\u011bn\u00ed-odpad\u016f.pdf\">becn\u00e9 info t\u0159\u00edd\u011bn\u00ed odpad\u016f<\/a><\/p>\n<p><strong>Syst\u00e9m t\u0159\u00edd\u011bn\u00ed odpad\u016f v dom\u00e1cnosti<br \/>\n<\/strong><\/p>\n<p>1. <strong>Plasty <\/strong>&#8211; ukl\u00e1daj\u00ed se do kontejner\u016f ur\u010den\u00fdch pro plasty<\/p>\n<p><strong>Do plast\u016f pat\u0159\u00ed<\/strong>: plastov\u00e9 obaly a s\u00e1\u010dky (i od ml\u00e9ka), kel\u00edmky od ml\u00e9\u010dn\u00fdch v\u00fdrobk\u016f,plastov\u00e9 lahve od n\u00e1poj\u016f, igelitov\u00e9 s\u00e1\u010dky a ta\u0161ky, zubn\u00ed kart\u00e1\u010dky, plastov\u00e9 podnosy a misky, plastov\u00e9 obaly od spot\u0159ebn\u00ed chemie z dom\u00e1cnost\u00ed, p\u011bnov\u00fd polystyren, tvrd\u00e9 plasty (plastov\u00e9 hra\u010dky, plastov\u00e9 p\u0159epravky), plastov\u00e9 folie. Odpadn\u00ed plasty by m\u011bly b\u00fdt \u010dist\u00e9.<\/p>\n<p><strong>Do plast\u016f nepat\u0159\u00ed<\/strong>: linolea, trubky z PVC (novodur), molitan, kabely, videokazety,<br \/>\nplasty s kovov\u00fdmi \u010d\u00e1sticemi, plasty zne\u010di\u0161t\u011bn\u00e9 \u0161kodlivinami.<\/p>\n<p>2. <strong>Tetrapakov\u00e9 krabice <\/strong>&#8211; ukl\u00e1daj\u00ed se do \u017elut\u00fdch kontejner\u016f. Jedn\u00e1 se o krabice od ml\u00e9ka, d\u017eus\u016f, v\u00edna apod.<\/p>\n<p>3. <strong>Sklo <\/strong>&#8211; se ukl\u00e1d\u00e1 do kontejner\u016f rozm\u00edst\u011bn\u00fdch v obci.<\/p>\n<p><strong>Do skla nepat\u0159\u00ed<\/strong>: lahve zne\u010di\u0161t\u011bn\u00e9 \u0161kodlivinami, porcel\u00e1n, keramika, zrcadla, z\u00e1\u0159ivky,<br \/>\n\u017e\u00e1rovky, dr\u00e1tosklo, plastov\u00e9 lahve, sklenice napln\u011bn\u00e9 potravinami, n\u00e1dobky od sprej\u016f.<\/p>\n<p>4. <strong>Pap\u00edr &#8211; <\/strong>ukl\u00e1d\u00e1 se do kontejner\u016f ur\u010den\u00fdch pro pap\u00edr, nebo jin\u00fdm dohodnut\u00fdm<br \/>\nzp\u016fsobem (nap\u0159.\u0161koly -odvoz pap\u00edru p\u0159\u00edmo ze \u0161koly).<\/p>\n<p>5. <strong>Textil <\/strong>&#8211; bude \u0159e\u0161en p\u0159i mobiln\u00edm svozu nebezpe\u010dn\u00fdch odpad\u016f.<\/p>\n<p><strong>Do tohoto odpadu nepat\u0159\u00ed textil s p\u0159\u00edm\u011bs\u00ed um\u011bl\u00fdch hmot<\/strong>.<\/p>\n<p>6. <strong>Velkoobjemov\u00fd odpad<\/strong> &#8211; sb\u011br se uskute\u010dn\u00ed mobiln\u00edm svozem v dohodnut\u00fdch term\u00ednech. Do tohoto odpadu pat\u0159\u00ed: podlahov\u00e9 krytiny (koberce, linolea), matrace, star\u00fd n\u00e1bytek, spor\u00e1ky, el. trouby, bojlery, pneumatiky.<\/p>\n<p><strong>Do tohoto odpadu nepat\u0159\u00ed stavebn\u00ed su\u0165<\/strong>.<\/p>\n<p>7. <strong>Nebezpe\u010dn\u00e9 odpady <\/strong>&#8211; sb\u011br se uskute\u010dn\u00ed mobiln\u00edm svozem v dohodnut\u00fdch term\u00ednech.<\/p>\n<p><strong>Do t\u011bchto odpad\u016f pat\u0159\u00ed<\/strong>: zne\u010di\u0161t\u011bn\u00fd obalov\u00fd materi\u00e1l od barev a olej\u016f, zne\u010di\u0161t\u011bn\u00fd textil od \u0161kodlivin, olejov\u00e9 filtry, akumul\u00e1tory, v\u00fdbojky, z\u00e1\u0159ivky, odpadn\u00ed oleje, star\u00e9 n\u00e1t\u011brov\u00e9 hmoty, televizory, r\u00e1dia, po\u010d\u00edta\u010de, star\u00e9 l\u00e9ky, baterie (mono\u010dl\u00e1nky), ledni\u010dky, mrazni\u010dky, star\u00e9 p\u0159\u00edpravky na ochranu rostlin, tmely, lepidla, teplom\u011bry, kosmetika (laky, barvy, studen\u00e9 vlny apod), asfaltov\u00e9 lepenky.<\/p>\n<p><strong><span style=\"text-decoration: underline;\">Sb\u011brn\u00fd dv\u016fr <\/span>&#8211; <\/strong>Hegerova , 572 01 Poli\u010dka, mobil: 733\u00a0267 613<\/p>\n<table border=\"0\" width=\"622\" cellpadding=\"0\">\n<tbody>\n<tr>\n<td width=\"240\"><strong>Otev\u00edrac\u00ed \u00a0doba <\/strong><\/td>\n<\/tr>\n<tr>\n<td width=\"240\">Pond\u011bl\u00ed<\/td>\n<td>12,00 &#8211; 18,00 (letn\u00ed obdob\u00ed)<\/td>\n<td>\/<\/td>\n<td>12,00 &#8211; 16,30 (zimn\u00ed obdob\u00ed)<\/td>\n<\/tr>\n<tr>\n<td width=\"240\">\u00dater\u00fd<\/td>\n<td>zav\u0159eno<\/td>\n<td><\/td>\n<td><\/td>\n<\/tr>\n<tr>\n<td width=\"240\">St\u0159eda<\/td>\n<td>12,00 &#8211; 18,00 (letn\u00ed obdob\u00ed)<\/td>\n<td>\/<\/td>\n<td>12,00 &#8211; 16,30 (zimn\u00ed obdob\u00ed)<\/td>\n<\/tr>\n<tr>\n<td width=\"240\">\u010ctvrtek<\/td>\n<td>8,00 &#8211; 12,00<\/td>\n<td><\/td>\n<td><\/td>\n<\/tr>\n<tr>\n<td width=\"240\">P\u00e1tek<\/td>\n<td>12,00 &#8211; 18,00 (letn\u00ed obdob\u00ed)<\/td>\n<td>\/<\/td>\n<td>12,00 &#8211; 16,30 (zimn\u00ed obdob\u00ed)<\/td>\n<\/tr>\n<tr>\n<td width=\"240\">Sobota<\/td>\n<td>8,00 &#8211; 12,00<\/td>\n<td><\/td>\n<td><\/td>\n<\/tr>\n<\/tbody>\n<\/table>\n<p><strong><span style=\"text-decoration: underline;\">Odb\u011br odpad\u016f zdarma od obyvatel:<\/span><\/strong><\/p>\n<p>&#8211;\u00a0\u00a0\u00a0\u00a0\u00a0\u00a0\u00a0\u00a0\u00a0 nebezpe\u010dn\u00e9 odpady vznikaj\u00edc\u00ed v\u00a0dom\u00e1cnostech (\u0159edidla, akumul\u00e1tory, mono\u010dl\u00e1nky, barvy, oleje, l\u00e9ky, obaly od barev, kyseliny, apod.)<\/p>\n<p>&#8211;\u00a0\u00a0\u00a0\u00a0\u00a0\u00a0\u00a0\u00a0\u00a0objemn\u00fd odpad (n\u00e1bytek, koberce, matrace, apod.)<\/p>\n<p>&#8211;\u00a0\u00a0\u00a0\u00a0\u00a0\u00a0\u00a0\u00a0 zp\u011btn\u00fd odb\u011br elektroza\u0159\u00edzen\u00ed (po\u010d\u00edta\u010de, televizory, ledni\u010dky, mrazni\u010dky, pra\u010dky, su\u0161i\u010dky, \u017ed\u00edma\u010dky, vysava\u010de, ru\u010dn\u00ed el. za\u0159\u00edzen\u00ed, videa, z\u00e1\u0159ivky, \u00fasporn\u00e9 \u017e\u00e1rovky, mikrovln\u00e9 trouby, mobiln\u00ed telefony, apod.). ODEVZD\u00c1VAN\u00c1 ELEKTROZA\u0158\u00cdZEN\u00cd MUS\u00cd B\u00ddT KOMPLETN\u00cd, nekompletn\u00ed elektroza\u0159\u00edzen\u00ed nepat\u0159\u00ed do zp\u011btn\u00e9ho odb\u011bru a bude zpoplatn\u011bno<\/p>\n<p>&#8211;\u00a0\u00a0\u00a0\u00a0\u00a0\u00a0\u00a0\u00a0\u00a0 kovy<\/p>\n<p>&#8211;\u00a0\u00a0\u00a0\u00a0\u00a0\u00a0\u00a0\u00a0\u00a0 recyklovateln\u00e9 plasty nezne\u010di\u0161t\u011bn\u00e9<\/p>\n<p>&#8211;\u00a0\u00a0\u00a0\u00a0\u00a0\u00a0\u00a0\u00a0\u00a0 pneumatiky z\u00a0osobn\u00edch automobil\u016f<\/p>\n<p><strong><span style=\"text-decoration: underline;\">Odb\u011br odpad\u016f za \u00faplatu:<\/span><\/strong><\/p>\n<p>&#8211;\u00a0\u00a0\u00a0\u00a0\u00a0\u00a0\u00a0\u00a0\u00a0 stavebn\u00ed a demoli\u010dn\u00ed odpady<\/p>\n<p>&#8211;\u00a0\u00a0\u00a0\u00a0\u00a0\u00a0\u00a0\u00a0\u00a0 stavebn\u00ed materi\u00e1ly obsahuj\u00edc\u00ed azbest (eternit)<\/p>\n<p>&#8211;\u00a0\u00a0\u00a0\u00a0\u00a0\u00a0\u00a0\u00a0\u00a0 nerecyklovateln\u00e9 plasty zne\u010di\u0161t\u011bn\u00e9<\/p>\n<p>&#8211;\u00a0\u00a0\u00a0\u00a0\u00a0\u00a0\u00a0\u00a0\u00a0 asfaltov\u00e9 lepenky<\/p>\n<p><strong><span style=\"text-decoration: underline;\">P\u0159ekladi\u0161t\u011b komun\u00e1ln\u00edho odpadu <\/span><\/strong>(p\u0159i v\u00fdjezdu z\u00a0Poli\u010dky sm\u011br Jedlov\u00e1) -\u010csl. arm\u00e1dy, 572 01 Poli\u010dka, mobil: 604 695 729<\/p>\n<table border=\"0\" width=\"811\" cellpadding=\"0\">\n<tbody>\n<tr>\n<td width=\"300\"><strong>Otev\u00edrac\u00ed doba<\/strong><\/td>\n<td width=\"505\"><\/td>\n<\/tr>\n<tr>\n<td width=\"300\">Pond\u011bl\u00ed<\/td>\n<td width=\"505\">6,00 &#8211; 14,00<\/td>\n<\/tr>\n<tr>\n<td width=\"300\">\u00dater\u00fd<\/td>\n<td width=\"505\">6,00 &#8211; 14,00<\/td>\n<\/tr>\n<tr>\n<td width=\"300\">St\u0159eda<\/td>\n<td width=\"505\">6,00 &#8211; 14,00<\/td>\n<\/tr>\n<tr>\n<td width=\"300\">\u010ctvrtek<\/td>\n<td width=\"505\">6,00 &#8211; 14,00<\/td>\n<\/tr>\n<tr>\n<td width=\"300\">P\u00e1tek<\/td>\n<td width=\"505\">6,00 &#8211; 14,00<\/td>\n<\/tr>\n<tr>\n<td width=\"300\">Sobota<\/td>\n<td width=\"505\">8,00 &#8211; 11,30<\/td>\n<\/tr>\n<\/tbody>\n<\/table>\n<p><strong><span style=\"text-decoration: underline;\">Druhy odeb\u00edran\u00fdch odpad\u016f na p\u0159ekladi\u0161ti:<\/span><\/strong><\/p>\n<p><strong><span style=\"text-decoration: underline;\">Odb\u011br odpad\u016f zdarma od obyvatel:<\/span><\/strong><\/p>\n<p>&#8211;\u00a0\u00a0\u00a0\u00a0\u00a0\u00a0\u00a0\u00a0\u00a0 komun\u00e1ln\u00ed odpad<\/p>\n<p>&#8211;\u00a0\u00a0\u00a0\u00a0\u00a0\u00a0\u00a0\u00a0\u00a0 objemn\u00fd odpad<\/p>\n<p>&#8211;\u00a0\u00a0\u00a0\u00a0\u00a0\u00a0\u00a0\u00a0\u00a0 od\u011bvy, textil<\/p>\n<p>&#8211;\u00a0\u00a0\u00a0\u00a0\u00a0\u00a0\u00a0\u00a0\u00a0 plasty<\/p>\n<p>&#8211;\u00a0\u00a0\u00a0\u00a0\u00a0\u00a0\u00a0\u00a0\u00a0 pap\u00edr<\/p>\n<p>&#8211;\u00a0\u00a0\u00a0\u00a0\u00a0\u00a0\u00a0\u00a0\u00a0 sklo<\/p>\n<p>&#8211;\u00a0\u00a0\u00a0\u00a0\u00a0\u00a0\u00a0\u00a0\u00a0 kovy<\/p>\n<p><strong><span style=\"text-decoration: underline;\">Odb\u011br odpad\u016f za \u00faplatu:<\/span><\/strong><\/p>\n<p>&#8211;\u00a0\u00a0\u00a0\u00a0\u00a0\u00a0\u00a0\u00a0\u00a0 stavebn\u00ed a demoli\u010dn\u00ed odpady<\/p>\n<p>&#8211;\u00a0\u00a0\u00a0\u00a0\u00a0\u00a0\u00a0\u00a0\u00a0 ta\u0161ky a keramick\u00e9 v\u00fdrobky<\/p>\n<p>&#8211;\u00a0\u00a0\u00a0\u00a0\u00a0\u00a0\u00a0\u00a0\u00a0 zemina a kamen\u00ed<\/p>\n<p>&#8211;\u00a0\u00a0\u00a0\u00a0\u00a0\u00a0\u00a0\u00a0\u00a0 stavebn\u00ed odpady s\u00a0obsahem azbestu (eternit)<\/p>\n<p>&#8211;\u00a0\u00a0\u00a0\u00a0\u00a0\u00a0\u00a0\u00a0\u00a0 asfaltov\u00e9 lepenky<\/p>\n<p>&#8211;\u00a0\u00a0\u00a0\u00a0\u00a0\u00a0\u00a0\u00a0\u00a0 d\u0159evo<\/p>\n<p>&#8211;\u00a0\u00a0\u00a0\u00a0\u00a0\u00a0\u00a0\u00a0\u00a0 nerecyklovateln\u00e9 plasty (zne\u010di\u0161t\u011bn\u00e9 )<\/p>\n<p>&#8211;\u00a0\u00a0\u00a0\u00a0\u00a0\u00a0\u00a0\u00a0\u00a0 okna zasklen\u00e1 i bez skel<\/p>\n<p>&#8211;\u00a0\u00a0\u00a0\u00a0\u00a0\u00a0\u00a0\u00a0\u00a0 za\u0159izovac\u00ed p\u0159edm\u011bty (umyvadla, z\u00e1chodov\u00e9 m\u00edsy, v\u00fdlevky,apod.)<\/p>\n<p>&#8211;\u00a0\u00a0\u00a0\u00a0\u00a0\u00a0\u00a0\u00a0\u00a0 odpad z\u00a0demolice bytov\u00fdch jader<\/p>\n<p>&#8211;\u00a0\u00a0\u00a0\u00a0\u00a0\u00a0\u00a0\u00a0\u00a0 dve\u0159e, z\u00e1rubn\u011b<\/p>\n<p>&#8211;\u00a0\u00a0\u00a0\u00a0\u00a0\u00a0\u00a0\u00a0\u00a0 plasty z autovrak\u016f<\/p>\n","protected":false},"excerpt":{"rendered":"<p>Rok 2026 velkoobjemov\u00fd a nebezpe\u010dn\u00fd odpad Sb\u011br p\u0159\u00edmo do vozidel!\u00a0 D\u016fvodem regulace je nerespektov\u00e1n\u00ed specifikace nebezpe\u010dn\u00e9ho odpadu, ob\u010dan\u00e9 se zbavovali i velkoobjemov\u00e9ho odpadu a \u017eeleza, a nedodr\u017eovali jeho t\u0159\u00edd\u011bn\u00ed. P\u0159ej\u00edmka nebezpe\u010dn\u00e9ho a velkoobjemov\u00e9ho odpadu p\u0159\u00edmo do vozidel cca po 15 minut\u00e1ch na zast\u00e1vce u transform\u00e1toru, zast\u00e1vce u hostince a to\u010dn\u011b pod kostelem:\u00a0\u00a0\u00a0\u00a0\u00a0\u00a0 19.05.2026 v 15.00\u00a0 [&hellip;]<\/p>\n","protected":false},"author":2,"featured_media":0,"parent":15,"menu_order":0,"comment_status":"closed","ping_status":"closed","template":"","meta":{"footnotes":""},"_links":{"self":[{"href":"http:\/\/www.obec-stasov.cz\/index.php?rest_route=\/wp\/v2\/pages\/57"}],"collection":[{"href":"http:\/\/www.obec-stasov.cz\/index.php?rest_route=\/wp\/v2\/pages"}],"about":[{"href":"http:\/\/www.obec-stasov.cz\/index.php?rest_route=\/wp\/v2\/types\/page"}],"author":[{"embeddable":true,"href":"http:\/\/www.obec-stasov.cz\/index.php?rest_route=\/wp\/v2\/users\/2"}],"replies":[{"embeddable":true,"href":"http:\/\/www.obec-stasov.cz\/index.php?rest_route=%2Fwp%2Fv2%2Fcomments&post=57"}],"version-history":[{"count":53,"href":"http:\/\/www.obec-stasov.cz\/index.php?rest_route=\/wp\/v2\/pages\/57\/revisions"}],"predecessor-version":[{"id":7145,"href":"http:\/\/www.obec-stasov.cz\/index.php?rest_route=\/wp\/v2\/pages\/57\/revisions\/7145"}],"up":[{"embeddable":true,"href":"http:\/\/www.obec-stasov.cz\/index.php?rest_route=\/wp\/v2\/pages\/15"}],"wp:attachment":[{"href":"http:\/\/www.obec-stasov.cz\/index.php?rest_route=%2Fwp%2Fv2%2Fmedia&parent=57"}],"curies":[{"name":"wp","href":"https:\/\/api.w.org\/{rel}","templated":true}]}}