{"id":6516,"date":"2024-11-18T14:49:46","date_gmt":"2024-11-18T12:49:46","guid":{"rendered":"https:\/\/www.obec-stasov.cz\/?page_id=6516"},"modified":"2026-03-17T18:12:50","modified_gmt":"2026-03-17T16:12:50","slug":"vodovod","status":"publish","type":"page","link":"http:\/\/www.obec-stasov.cz\/?page_id=6516","title":{"rendered":"Vodovod"},"content":{"rendered":"\n<p>V m\u011bs\u00edci \u00fanoru obec Sta\u0161ov spou\u0161t\u00ed spolu se spole\u010dnost\u00ed Aqua servis testov\u00e1n\u00ed nov\u00e9ho syst\u00e9mu pro d\u00e1lkov\u00e9 ode\u010dty vody a syst\u00e9m v\u010dasn\u00e9ho varov\u00e1n\u00ed poruch \u010di \u00faniku vody pomoc\u00ed sms a email\u016f. V r\u00e1mci tohoto testov\u00e1n\u00ed syst\u00e9mu mohou majitel\u016fm nemovitost\u00ed p\u0159ich\u00e1zet testovac\u00ed varovn\u00e9 sms nebo emaily. <\/p>\n\n\n\n<p>V p\u0159\u00edpad\u011b skute\u010dn\u00e9 poruchy \u010di \u00faniku vody budou majitel\u00e9 kontaktov\u00e1ni je\u0161t\u011b telefonicky.<\/p>\n\n\n\n<p>.<\/p>\n\n\n\n<p><strong>Ode\u010dty  budou od roku 2026 prob\u00edhat v m\u011bs\u00edc\u00edch \u010derven a prosinec<\/strong>.<\/p>\n\n\n\n<p>.<\/p>\n\n\n\n<p><strong><em>V souladu s \u00a7 36 odst. 3 z\u00e1kona \u010d. 274\/2001 Sb., o vodovodech a kanalizac\u00edch, t\u00edmto poskytujeme informace spojen\u00e9 s odb\u011brem pitn\u00e9 vody<\/em>.&nbsp;<\/strong><\/p>\n\n\n\n<p><strong>Vlastn\u00edk a provozovatel<\/strong><\/p>\n\n\n\n<p><strong>Vlastn\u00edk: &nbsp;&nbsp;&nbsp;&nbsp;&nbsp;&nbsp;&nbsp;&nbsp;&nbsp;&nbsp;&nbsp;&nbsp;&nbsp;&nbsp;&nbsp;&nbsp;&nbsp;&nbsp;&nbsp;&nbsp;&nbsp;&nbsp;&nbsp;&nbsp;&nbsp;&nbsp; obec Sta\u0161ov<\/strong><\/p>\n\n\n\n<p>Adresa:&nbsp;&nbsp;&nbsp;&nbsp;&nbsp;&nbsp;&nbsp;&nbsp;&nbsp;&nbsp;&nbsp;&nbsp;&nbsp;&nbsp;&nbsp;&nbsp;&nbsp;&nbsp;&nbsp;&nbsp;&nbsp;&nbsp;&nbsp;&nbsp;&nbsp;&nbsp;&nbsp;&nbsp;&nbsp; Sta\u0161ov 6, 572 01 Sta\u0161ov<\/p>\n\n\n\n<p>I\u010cO:&nbsp;&nbsp;&nbsp;&nbsp;&nbsp;&nbsp;&nbsp;&nbsp;&nbsp;&nbsp;&nbsp;&nbsp;&nbsp;&nbsp;&nbsp;&nbsp;&nbsp;&nbsp;&nbsp;&nbsp;&nbsp;&nbsp;&nbsp;&nbsp;&nbsp;&nbsp;&nbsp;&nbsp;&nbsp;&nbsp;&nbsp;&nbsp;&nbsp;&nbsp;&nbsp;&nbsp; 00277401<\/p>\n\n\n\n<p>Telefon:&nbsp;&nbsp;&nbsp;&nbsp;&nbsp;&nbsp;&nbsp;&nbsp;&nbsp;&nbsp;&nbsp;&nbsp;&nbsp;&nbsp;&nbsp;&nbsp;&nbsp;&nbsp;&nbsp;&nbsp;&nbsp;&nbsp;&nbsp;&nbsp;&nbsp;&nbsp;&nbsp;&nbsp;&nbsp; 461&nbsp;729 298, 739 691 091<\/p>\n\n\n\n<p>Email:&nbsp;&nbsp;&nbsp;&nbsp;&nbsp;&nbsp;&nbsp;&nbsp;&nbsp;&nbsp;&nbsp;&nbsp;&nbsp;&nbsp;&nbsp;&nbsp;&nbsp;&nbsp;&nbsp;&nbsp;&nbsp;&nbsp;&nbsp;&nbsp;&nbsp;&nbsp;&nbsp;&nbsp;&nbsp;&nbsp;&nbsp;&nbsp; stasov@stasov.cz<\/p>\n\n\n\n<p>ID datov\u00e9 schr\u00e1nky&nbsp;&nbsp;&nbsp;&nbsp;&nbsp;&nbsp;&nbsp; nrfa5fn<\/p>\n\n\n\n<p>Vlastn\u00edk infrastruktury je z\u00e1rove\u0148 jej\u00edm provozovatelem, m\u00e1 pr\u00e1vo uzav\u00edrat odb\u011bratelsk\u00e9 smlouvy a pr\u00e1vo na \u00faplatu za dod\u00e1vku vody.<\/p>\n\n\n\n<p>.<\/p>\n\n\n\n<p>Kontakt v p\u0159\u00edpad\u011b poruchy: pan Kuda Pavel 606 543 374<\/p>\n\n\n\n<p><strong>ODE\u010cTY VODOM\u011aR\u016e BUDOU OD ROKU 2026 PROB\u00cdHAT VZDY V M\u011aS\u00cdC\u00cdCH \u010cERVEN A PROSINEC.<\/strong><\/p>\n\n\n\n<p>.<\/p>\n\n\n\n<p><strong>Um\u00edst\u011bn\u00ed vodovodu<\/strong><\/p>\n\n\n\n<p>N\u00e1zev p\u0159\u00edsl.obce: Sta\u0161ov<\/p>\n\n\n\n<p>N\u00e1zev \u010d\u00e1sti obce: Sta\u0161ov<\/p>\n\n\n\n<p>N\u00e1zev K\u00da: Sta\u0161ov<\/p>\n\n\n\n<p><strong>Syst\u00e9m vodovodu<\/strong><\/p>\n\n\n\n<p>Syst\u00e9m vodovodu v&nbsp;obci je samostatn\u00fd. Do vodojemu o objemu 125 m<sup>3<\/sup> nat\u00e9k\u00e1 voda z&nbsp;vlastn\u00edch zdroj\u016f. Ve vodojemu doch\u00e1z\u00ed k&nbsp;desinfekci. Vhodn\u00e9 tlakov\u00e9 pom\u011bry v&nbsp;s\u00edti zaji\u0161\u0165uj\u00ed 3 \u010derpac\u00ed stanice.<\/p>\n\n\n\n<p><strong>Podrobn\u011bj\u0161\u00ed informace o majetku a provozov\u00e1n\u00ed lze nal\u00e9zt v&nbsp;ka\u017edoro\u010dn\u00edm hl\u00e1\u0161en\u00ed majetkov\u00e9 a provozn\u00ed evidence.<\/strong><\/p>\n\n\n\n<p>.<\/p>\n\n\n\n<p><strong>Vymezen\u00ed z\u00e1kladn\u00edch pojm\u016f<\/strong><\/p>\n\n\n\n<p><strong>Cena<\/strong><\/p>\n\n\n\n<p>kalkulovan\u00e1 \u010d\u00e1stka v K\u010d za 1 m2, kterou vyhla\u0161uje vlastn\u00edk vodovodu.<\/p>\n\n\n\n<p><strong>Odb\u011bratel<\/strong><\/p>\n\n\n\n<ul>\n<li>vlastn\u00edk pozemku nebo stavby p\u0159ipojen\u00e9 na vodovod nebo kanalizaci;&nbsp;<\/li>\n\n\n\n<li>u budov v majetku \u010cesk\u00e9 republiky je odb\u011bratelem organiza\u010dn\u00ed slo\u017eka st\u00e1tu, kter\u00e9 p\u0159\u00edslu\u0161\u00ed hospoda\u0159en\u00ed s touto budovou podle z\u00e1kona \u010d. 219\/2000 Sb., ve zn\u011bn\u00ed z\u00e1kona \u010d. 492\/2000 Sb.;&nbsp;<\/li>\n\n\n\n<li>u budov, u nich\u017e spoluvlastn\u00edk budovy je vlastn\u00edkem bytu nebo nebytov\u00e9ho prostoru jako prostorov\u011b vymezen\u00e9 \u010d\u00e1sti budovy a z\u00e1rove\u0148 pod\u00edlov\u00fdm spoluvlastn\u00edkem spole\u010dn\u00fdch \u010d\u00e1st\u00ed budovy dle z\u00e1kona \u010d. 72\/1994 Sb. ve zn\u011bn\u00ed pozd\u011bj\u0161\u00edch p\u0159edpis\u016f, je odb\u011bratelem spole\u010denstv\u00ed vlastn\u00edk\u016f;&nbsp;<\/li>\n\n\n\n<li>u pozemk\u016f nebo budov p\u0159edan\u00fdch pro hospoda\u0159en\u00ed p\u0159\u00edsp\u011bvkov\u00fdch organizac\u00ed z\u0159\u00edzen\u00fdch \u00fazemn\u00edmi samospr\u00e1vn\u00fdmi celky jsou odb\u011bratelem tyto osoby.<\/li>\n<\/ul>\n\n\n\n<p><strong>Odb\u011brn\u00e9 m\u00edsto<\/strong><\/p>\n\n\n\n<p>samostatn\u00fd vodohospod\u00e1\u0159sky a prostorov\u011b uzav\u0159en\u00fd celek, do kter\u00e9ho odeb\u00edr\u00e1 vodu z ve\u0159ejn\u00e9ho vodovodu a z n\u011bho\u017e vypou\u0161t\u00ed odpadn\u00ed vodu do ve\u0159ejn\u00e9 kanalizace jeden z\u00e1kazn\u00edk. Ka\u017ed\u00e9mu odb\u011brn\u00e9mu m\u00edstu odpov\u00edd\u00e1 jeden z\u00e1znam v datab\u00e1zi odb\u011brn\u00fdch m\u00edst provozovatele.<\/p>\n\n\n\n<p><strong>Provozovatel<\/strong><\/p>\n\n\n\n<p>provozovatelem vodovodu nebo kanalizace je osoba, kter\u00e1 provozuje vodovod nebo kanalizaci a je dr\u017eitelem povolen\u00ed k provozov\u00e1n\u00ed tohoto vodovodu nebo kanalizace vydan\u00e9ho krajsk\u00fdm \u00fa\u0159adem podle \u00a7 6 z\u00e1kona 274\/2001 Sb.<\/p>\n\n\n\n<p><strong>Sm\u011brn\u00e1 \u010d\u00edsla pot\u0159eby<\/strong><\/p>\n\n\n\n<p>p\u0159\u00edloha \u010d. 12 k vyhl\u00e1\u0161ce \u010d. 428\/2001 Sb., kde jsou uvedeny \u00fadaje o ro\u010dn\u00ed pot\u0159eb\u011b vody podle jednotliv\u00fdch druh\u016f pot\u0159eby. Tato sm\u011brn\u00e1 \u010d\u00edsla se pou\u017eij\u00ed v p\u0159\u00edpad\u011b, \u017ee nen\u00ed mno\u017estv\u00ed dodan\u00e9 nebo odveden\u00e9 vody m\u011b\u0159eno.<\/p>\n\n\n\n<p><strong>Smlouva<\/strong><\/p>\n\n\n\n<p>p\u00edsemn\u00e1 dohoda mezi organizac\u00ed a z\u00e1kazn\u00edkem (provozovatelem a odb\u011bratelem) o dod\u00e1vce vody z ve\u0159ejn\u00e9ho vodovodu v\u010detn\u011b specifikace platebn\u00edho styku.<\/p>\n\n\n\n<p><strong>Vlastn\u00edk<\/strong><\/p>\n\n\n\n<p>pr\u00e1vnick\u00e1 osoba, maj\u00edc\u00ed vlastnick\u00e9 pr\u00e1vo k vodovod\u016fm ve smyslu z\u00e1kona \u010d. 274\/2001 Sb.<\/p>\n\n\n\n<p><strong>Vnit\u0159n\u00ed vodovod<\/strong><\/p>\n\n\n\n<p>potrub\u00ed ur\u010den\u00e9 pro rozvod vody po pozemku nebo stavb\u011b, kter\u00e9 navazuje na konec vodovodn\u00ed p\u0159\u00edpojky. Vnit\u0159n\u00ed vodovod nen\u00ed vodn\u00edm d\u00edlem.<\/p>\n\n\n\n<p><strong>Vodn\u00e9<\/strong><\/p>\n\n\n\n<p>\u010d\u00e1stka v K\u010d za dod\u00e1vku vody z ve\u0159ejn\u00e9ho vodovodu. M\u00e1 jednoslo\u017ekovou formu, kter\u00e1 je sou\u010dinem ceny podle cenov\u00fdch p\u0159edpis\u016f a mno\u017estv\u00ed odebran\u00e9 vody.<\/p>\n\n\n\n<p><strong>Vodovodn\u00ed p\u0159\u00edpojka<\/strong><\/p>\n\n\n\n<p>&nbsp;je samostatnou stavbou tvo\u0159enou \u00fasekem potrub\u00ed od odbo\u010den\u00ed z vodovodn\u00edho \u0159adu k vodom\u011bru, a nen\u00ed-li vodom\u011br, pak k vnit\u0159n\u00edmu uz\u00e1v\u011bru p\u0159ipojen\u00e9ho pozemku nebo stavby. Odbo\u010den\u00ed s uz\u00e1v\u011brem je sou\u010d\u00e1st\u00ed vodovodu. Vodovodn\u00ed p\u0159\u00edpojka nen\u00ed vodn\u00edm d\u00edlem. Definici uv\u00e1d\u00ed \u00a7 3 odst. 1 z\u00e1kona \u010d. 274\/2001 Sb.<\/p>\n\n\n\n<p>.<\/p>\n\n\n\n<div class=\"wp-block-file\"><a id=\"wp-block-file--media-da931c07-7f4e-4ceb-8a76-3e111bc77df0\" href=\"https:\/\/www.obec-stasov.cz\/wp-content\/uploads\/2025\/11\/Zpusob-zjistovani-mnozstvi-odebrane-vody.pdf\">Zpusob-zjistovani-mnozstvi-odebrane-vody<\/a><a href=\"https:\/\/www.obec-stasov.cz\/wp-content\/uploads\/2025\/11\/Zpusob-zjistovani-mnozstvi-odebrane-vody.pdf\" class=\"wp-block-file__button wp-element-button\" download aria-describedby=\"wp-block-file--media-da931c07-7f4e-4ceb-8a76-3e111bc77df0\">St\u00e1hnout<\/a><\/div>\n\n\n\n<div class=\"wp-block-file\"><a id=\"wp-block-file--media-d47a301e-31d9-4ae1-ad89-9c53b14af4e2\" href=\"https:\/\/www.obec-stasov.cz\/wp-content\/uploads\/2025\/11\/Udaje-o-moznosti-preruseni-nebo-omezeni-dodavky-pitne-vody.pdf\">Udaje-o-moznosti-preruseni-nebo-omezeni-dodavky-pitne-vody<\/a><a href=\"https:\/\/www.obec-stasov.cz\/wp-content\/uploads\/2025\/11\/Udaje-o-moznosti-preruseni-nebo-omezeni-dodavky-pitne-vody.pdf\" class=\"wp-block-file__button wp-element-button\" download aria-describedby=\"wp-block-file--media-d47a301e-31d9-4ae1-ad89-9c53b14af4e2\">St\u00e1hnout<\/a><\/div>\n\n\n\n<div class=\"wp-block-file\"><a id=\"wp-block-file--media-196d7f8b-0dd2-40b4-a091-47060827666f\" href=\"https:\/\/www.obec-stasov.cz\/wp-content\/uploads\/2025\/11\/Moznosti-snizeni-spotreby-vody-1.pdf\">Moznosti-snizeni-spotreby-vody-1<\/a><a href=\"https:\/\/www.obec-stasov.cz\/wp-content\/uploads\/2025\/11\/Moznosti-snizeni-spotreby-vody-1.pdf\" class=\"wp-block-file__button wp-element-button\" download aria-describedby=\"wp-block-file--media-196d7f8b-0dd2-40b4-a091-47060827666f\">St\u00e1hnout<\/a><\/div>\n\n\n\n<p><strong>Cena vody<\/strong><\/p>\n\n\n\n<p><strong>Cena vody<\/strong>&nbsp;zahrnuje:<br>\u2022 Vodn\u00e9 &#8211; ve\u0161ker\u00e9 n\u00e1klady spojen\u00e9 s&nbsp;v\u00fdrobou a&nbsp;distribuc\u00ed pitn\u00e9 vody<br><br>Cena je jednotn\u00e1 jak&nbsp;pro&nbsp;dom\u00e1cnosti, tak&nbsp;i&nbsp;pro&nbsp;ostatn\u00ed odb\u011bratele<\/p>\n\n\n\n<p><br>Cenov\u00fdm regula\u010dn\u00edm org\u00e1nem v&nbsp;oblasti vodn\u00edho hospod\u00e1\u0159stv\u00ed je Ministerstvo financ\u00ed, kter\u00e9&nbsp;uplat\u0148uje formu tzv. v\u011bcn\u00e9ho usm\u011br\u0148ov\u00e1n\u00ed cen. Stanovuje z\u00e1vazn\u00e1 pravidla pro&nbsp;tvorbu a&nbsp;sjedn\u00e1v\u00e1n\u00ed cen.<br><br>Do&nbsp;takto regulovan\u00e9 ceny lze prom\u00edtnout pouze ekonomicky opr\u00e1vn\u011bn\u00e9 n\u00e1klady, p\u0159im\u011b\u0159en\u00fd zisk a&nbsp;da\u0148 podle zvl\u00e1\u0161tn\u00edch pr\u00e1vn\u00edch p\u0159edpis\u016f. Tato regulace je stanovena rozhodnut\u00edm (v\u00fdm\u011brem) a&nbsp;je spolu s&nbsp;podrobnostmi o&nbsp;tom, jak\u00e9&nbsp;re\u00e1ln\u011b vznikl\u00e9 n\u00e1klady naopak&nbsp;v\u016fbec nelze zahrnout do&nbsp;ceny (nap\u0159. pen\u00e1le, pokuty, reklama atp.), pops\u00e1na v&nbsp;ka\u017edoro\u010dn\u011b aktualizovan\u00e9m v\u00fdm\u011bru, zve\u0159ejn\u011bn\u00e9m Ministerstvem financ\u00ed \u010cR v&nbsp;Cenov\u00e9m v\u011bstn\u00edku.<\/p>\n\n\n\n<p>Kalkulace ceny i Porovn\u00e1n\u00ed kalkulace se skute\u010dnost\u00ed je zve\u0159ej\u0148ov\u00e1na dle podm\u00ednek legislativy na webu vlastn\u00edka<\/p>\n\n\n\n<p>Porovn\u00e1n\u00ed v\u0161ech polo\u017eek kalkulace cen pro vodn\u00e9 a sto\u010dn\u00e9 za 2025 a dosa\u017een\u00e9 skute\u010dnosti v t\u00e9m\u017ee roce<\/p>\n\n\n\n<div class=\"wp-block-file\"><a id=\"wp-block-file--media-4d5a9c89-8a76-414c-9407-4c82efd45323\" href=\"https:\/\/www.obec-stasov.cz\/wp-content\/uploads\/2026\/03\/Porovnani-kalkulace-cen-pro-vodne-za-rok-2025-a-dosazene-skutecnosti-v-temze-roce.pdf\">Porovnani-kalkulace-cen-pro-vodne-za-rok-2025-a-dosazene-skutecnosti-v-temze-roce<\/a><a href=\"https:\/\/www.obec-stasov.cz\/wp-content\/uploads\/2026\/03\/Porovnani-kalkulace-cen-pro-vodne-za-rok-2025-a-dosazene-skutecnosti-v-temze-roce.pdf\" class=\"wp-block-file__button wp-element-button\" download aria-describedby=\"wp-block-file--media-4d5a9c89-8a76-414c-9407-4c82efd45323\">St\u00e1hnout<\/a><\/div>\n\n\n\n<p>Porovn\u00e1n\u00ed v\u0161ech polo\u017eek kalkulace cen pro vodn\u00e9 a sto\u010dn\u00e9 za 2024 a dosa\u017een\u00e9 skute\u010dnosti v t\u00e9m\u017ee roce<\/p>\n\n\n\n<div class=\"wp-block-file\"><a id=\"wp-block-file--media-92c85565-a050-4b41-9583-fd946149d1e0\" href=\"https:\/\/www.obec-stasov.cz\/wp-content\/uploads\/2025\/04\/Porovnani-vsech-polozek-kalkulace-cen-pro-vodne-a-stocne-za-2024-a-dosazene-skutecnosti-v-temze-roce.pdf\">Porovnani-vsech-polozek-kalkulace-cen-pro-vodne-a-stocne-za-2024-a-dosazene-skutecnosti-v-temze-roce<\/a><a href=\"https:\/\/www.obec-stasov.cz\/wp-content\/uploads\/2025\/04\/Porovnani-vsech-polozek-kalkulace-cen-pro-vodne-a-stocne-za-2024-a-dosazene-skutecnosti-v-temze-roce.pdf\" class=\"wp-block-file__button wp-element-button\" download aria-describedby=\"wp-block-file--media-92c85565-a050-4b41-9583-fd946149d1e0\">St\u00e1hnout<\/a><\/div>\n\n\n\n<p>.<\/p>\n\n\n\n<p>Podm\u00ednky p\u0159ipojen\u00ed na obecn\u00ed vodovod:<\/p>\n\n\n\n<ol>\n<li>pod\u00e1n\u00ed ofici\u00e1ln\u00ed \u017e\u00e1dosti na obec Sta\u0161ov<\/li>\n\n\n\n<li>Ve\u0161ker\u00e9 pr\u00e1ce s pojen\u00e9 s napojen\u00edm na obecn\u00ed vodovod hrad\u00ed \u017eadatel, v\u010detn\u011b uzav\u00edrac\u00edho ventilu vodovodn\u00ed p\u0159\u00edpojky. Napojen\u00ed na vodovodn\u00ed \u0159\u00e1d bude provedeno odbornou firmou za dohledu pracovn\u00edka obce na n\u00e1klady \u017eadatele.<\/li>\n\n\n\n<li>p\u0159ed zahrnut\u00edm v\u00fdkopov\u00fdch prac\u00ed bude provedena kontrola pracovn\u00edkem obce.<\/li>\n\n\n\n<li>napojen\u00ed vodovodn\u00ed p\u0159\u00edpojky bude provedeno ve vodovodn\u00ed \u0161acht\u011b do 1m za hranic\u00ed pozemku \u017eadatele<\/li>\n<\/ol>\n\n\n\n<p>.<\/p>\n\n\n\n<p><strong>Uplatn\u011bn\u00ed pr\u00e1v vypl\u00fdvaj\u00edc\u00edch z&nbsp;odpov\u011bdnosti za&nbsp;vadn\u00e9 pln\u011bn\u00ed dle reklama\u010dn\u00edho \u0159\u00e1du<\/strong> V&nbsp;p\u0159\u00edpad\u011b reklamace se postupuje podle reklama\u010dn\u00edho \u0159\u00e1du. Reklama\u010dn\u00ed \u0159\u00e1d stanovuje podm\u00ednky a&nbsp;rozsah odpov\u011bdnosti za&nbsp;vady poskytovan\u00fdch slu\u017eeb v&nbsp;souvislosti se zaji\u0161t\u011bn\u00edm dod\u00e1vky vody. D\u00e1le stanovuje zp\u016fsob a&nbsp;m\u00edsto jejich uplatn\u011bn\u00ed v\u010detn\u011b n\u00e1rok\u016f odb\u011bratele, vypl\u00fdvaj\u00edc\u00edch z&nbsp;odpov\u011bdnosti provozovatele<\/p>\n\n\n\n<div class=\"wp-block-file\"><a id=\"wp-block-file--media-52a3164c-eb45-414d-828b-feb1833a66ef\" href=\"https:\/\/www.obec-stasov.cz\/wp-content\/uploads\/2024\/11\/Reklamacni-rad-vodovodu-obce-Stasov-2024.pdf\">Reklamacni-rad-vodovodu-obce-Stasov-2024<\/a><a href=\"https:\/\/www.obec-stasov.cz\/wp-content\/uploads\/2024\/11\/Reklamacni-rad-vodovodu-obce-Stasov-2024.pdf\" class=\"wp-block-file__button wp-element-button\" download aria-describedby=\"wp-block-file--media-52a3164c-eb45-414d-828b-feb1833a66ef\">St\u00e1hnout<\/a><\/div>\n","protected":false},"excerpt":{"rendered":"<p>V m\u011bs\u00edci \u00fanoru obec Sta\u0161ov spou\u0161t\u00ed spolu se spole\u010dnost\u00ed Aqua servis testov\u00e1n\u00ed nov\u00e9ho syst\u00e9mu pro d\u00e1lkov\u00e9 ode\u010dty vody a syst\u00e9m v\u010dasn\u00e9ho varov\u00e1n\u00ed poruch \u010di \u00faniku vody pomoc\u00ed sms a email\u016f. V r\u00e1mci tohoto testov\u00e1n\u00ed syst\u00e9mu mohou majitel\u016fm nemovitost\u00ed p\u0159ich\u00e1zet testovac\u00ed varovn\u00e9 sms nebo emaily. V p\u0159\u00edpad\u011b skute\u010dn\u00e9 poruchy \u010di \u00faniku vody budou majitel\u00e9 kontaktov\u00e1ni je\u0161t\u011b [&hellip;]<\/p>\n","protected":false},"author":4,"featured_media":0,"parent":0,"menu_order":0,"comment_status":"closed","ping_status":"closed","template":"","meta":{"footnotes":""},"_links":{"self":[{"href":"http:\/\/www.obec-stasov.cz\/index.php?rest_route=\/wp\/v2\/pages\/6516"}],"collection":[{"href":"http:\/\/www.obec-stasov.cz\/index.php?rest_route=\/wp\/v2\/pages"}],"about":[{"href":"http:\/\/www.obec-stasov.cz\/index.php?rest_route=\/wp\/v2\/types\/page"}],"author":[{"embeddable":true,"href":"http:\/\/www.obec-stasov.cz\/index.php?rest_route=\/wp\/v2\/users\/4"}],"replies":[{"embeddable":true,"href":"http:\/\/www.obec-stasov.cz\/index.php?rest_route=%2Fwp%2Fv2%2Fcomments&post=6516"}],"version-history":[{"count":19,"href":"http:\/\/www.obec-stasov.cz\/index.php?rest_route=\/wp\/v2\/pages\/6516\/revisions"}],"predecessor-version":[{"id":7302,"href":"http:\/\/www.obec-stasov.cz\/index.php?rest_route=\/wp\/v2\/pages\/6516\/revisions\/7302"}],"wp:attachment":[{"href":"http:\/\/www.obec-stasov.cz\/index.php?rest_route=%2Fwp%2Fv2%2Fmedia&parent=6516"}],"curies":[{"name":"wp","href":"https:\/\/api.w.org\/{rel}","templated":true}]}}