{"id":6698,"date":"2025-04-08T16:09:24","date_gmt":"2025-04-08T14:09:24","guid":{"rendered":"https:\/\/www.obec-stasov.cz\/?page_id=6698"},"modified":"2025-04-08T16:13:02","modified_gmt":"2025-04-08T14:13:02","slug":"cez-odstavky","status":"publish","type":"page","link":"http:\/\/www.obec-stasov.cz\/?page_id=6698","title":{"rendered":"\u010cEZ ODST\u00c1VKY"},"content":{"rendered":"\n<a href=\"https:\/\/ovm.bezstavy.cz\/v1\/gAjU8RAhJ4IK9BWKJrzCKpfwT1QRaA\/redirect\">\n<img decoding=\"async\" loading=\"lazy\" src=\"https:\/\/ovm.bezstavy.cz\/v1\/gAjU8RAhJ4IK9BWKJrzCKpfwT1QRaA\/b\/728\"\nalt=\"\u010cEZ Distribuce \u2013 Pl\u00e1novan\u00e9 odst\u00e1vky\" width=\"728\" height=\"90\"><\/a>\n","protected":false},"excerpt":{"rendered":"","protected":false},"author":4,"featured_media":0,"parent":0,"menu_order":0,"comment_status":"closed","ping_status":"closed","template":"","meta":{"footnotes":""},"_links":{"self":[{"href":"http:\/\/www.obec-stasov.cz\/index.php?rest_route=\/wp\/v2\/pages\/6698"}],"collection":[{"href":"http:\/\/www.obec-stasov.cz\/index.php?rest_route=\/wp\/v2\/pages"}],"about":[{"href":"http:\/\/www.obec-stasov.cz\/index.php?rest_route=\/wp\/v2\/types\/page"}],"author":[{"embeddable":true,"href":"http:\/\/www.obec-stasov.cz\/index.php?rest_route=\/wp\/v2\/users\/4"}],"replies":[{"embeddable":true,"href":"http:\/\/www.obec-stasov.cz\/index.php?rest_route=%2Fwp%2Fv2%2Fcomments&post=6698"}],"version-history":[{"count":3,"href":"http:\/\/www.obec-stasov.cz\/index.php?rest_route=\/wp\/v2\/pages\/6698\/revisions"}],"predecessor-version":[{"id":6702,"href":"http:\/\/www.obec-stasov.cz\/index.php?rest_route=\/wp\/v2\/pages\/6698\/revisions\/6702"}],"wp:attachment":[{"href":"http:\/\/www.obec-stasov.cz\/index.php?rest_route=%2Fwp%2Fv2%2Fmedia&parent=6698"}],"curies":[{"name":"wp","href":"https:\/\/api.w.org\/{rel}","templated":true}]}}