{"id":6127,"date":"2024-03-22T20:38:46","date_gmt":"2024-03-22T18:38:46","guid":{"rendered":"https:\/\/www.obec-stasov.cz\/?page_id=6127"},"modified":"2026-02-08T15:41:58","modified_gmt":"2026-02-08T13:41:58","slug":"zapisy","status":"publish","type":"page","link":"https:\/\/www.obec-stasov.cz\/?page_id=6127","title":{"rendered":"Z\u00e1pisy"},"content":{"rendered":"\n<p>2026<\/p>\n\n\n\n<div class=\"wp-block-file\"><a id=\"wp-block-file--media-0fab51cc-e7d0-46bc-9e73-0db3261245ca\" href=\"https:\/\/www.obec-stasov.cz\/wp-content\/uploads\/2026\/02\/Zapis-c.-30-ze-zasedani-zastupitelstva-obce-Stasov_020226.pdf\">Zapis-c.-30-ze-zasedani-zastupitelstva-obce-Stasov_020226<\/a><a href=\"https:\/\/www.obec-stasov.cz\/wp-content\/uploads\/2026\/02\/Zapis-c.-30-ze-zasedani-zastupitelstva-obce-Stasov_020226.pdf\" class=\"wp-block-file__button wp-element-button\" download aria-describedby=\"wp-block-file--media-0fab51cc-e7d0-46bc-9e73-0db3261245ca\">St\u00e1hnout<\/a><\/div>\n\n\n\n<p>2025<\/p>\n\n\n\n<div class=\"wp-block-file\"><a id=\"wp-block-file--media-4623e594-791e-4d6c-a65b-74af9d5a8e9a\" href=\"http:\/\/www.obec-stasov.cz\/wp-content\/uploads\/2025\/12\/Zapis-c.-29-ze-zasedani-zastupitelstva-obce-Stasov_181225-2.pdf\">Zapis-c.-29-ze-zasedani-zastupitelstva-obce-Stasov_181225-2<\/a><a href=\"http:\/\/www.obec-stasov.cz\/wp-content\/uploads\/2025\/12\/Zapis-c.-29-ze-zasedani-zastupitelstva-obce-Stasov_181225-2.pdf\" class=\"wp-block-file__button wp-element-button\" download aria-describedby=\"wp-block-file--media-4623e594-791e-4d6c-a65b-74af9d5a8e9a\">St\u00e1hnout<\/a><\/div>\n\n\n\n<div class=\"wp-block-file\"><a id=\"wp-block-file--media-8600d618-f9dd-4734-836c-cb5e9d99dab4\" href=\"https:\/\/www.obec-stasov.cz\/wp-content\/uploads\/2025\/12\/Zapis-c.-28-ze-zasedani-zastupitelstva-obce-Stasov_271125-1.pdf\">Zapis-c.-28-ze-zasedani-zastupitelstva-obce-Stasov_271125-1<\/a><a href=\"https:\/\/www.obec-stasov.cz\/wp-content\/uploads\/2025\/12\/Zapis-c.-28-ze-zasedani-zastupitelstva-obce-Stasov_271125-1.pdf\" class=\"wp-block-file__button wp-element-button\" download aria-describedby=\"wp-block-file--media-8600d618-f9dd-4734-836c-cb5e9d99dab4\">St\u00e1hnout<\/a><\/div>\n\n\n\n<div class=\"wp-block-file\"><a id=\"wp-block-file--media-b6446745-dfac-406f-b05f-cde6d4329926\" href=\"https:\/\/www.obec-stasov.cz\/wp-content\/uploads\/2025\/10\/Zapis-c.-27-ze-zasedani-zastupitelstva-obce-Stasov_091025.pdf\">Zapis-c.-27-ze-zasedani-zastupitelstva-obce-Stasov_091025<\/a><a href=\"https:\/\/www.obec-stasov.cz\/wp-content\/uploads\/2025\/10\/Zapis-c.-27-ze-zasedani-zastupitelstva-obce-Stasov_091025.pdf\" class=\"wp-block-file__button wp-element-button\" download aria-describedby=\"wp-block-file--media-b6446745-dfac-406f-b05f-cde6d4329926\">St\u00e1hnout<\/a><\/div>\n\n\n\n<div class=\"wp-block-file\"><a id=\"wp-block-file--media-71dc9aca-67bc-4636-b5ee-5b8b9ce15cb4\" href=\"https:\/\/www.obec-stasov.cz\/wp-content\/uploads\/2025\/08\/Zapis-c.-26-ze-zasedani-zastupitelstva-obce-Stasov_310725.pdf\">Zapis-c.-26-ze-zasedani-zastupitelstva-obce-Stasov_310725<\/a><a href=\"https:\/\/www.obec-stasov.cz\/wp-content\/uploads\/2025\/08\/Zapis-c.-26-ze-zasedani-zastupitelstva-obce-Stasov_310725.pdf\" class=\"wp-block-file__button wp-element-button\" download aria-describedby=\"wp-block-file--media-71dc9aca-67bc-4636-b5ee-5b8b9ce15cb4\">St\u00e1hnout<\/a><\/div>\n\n\n\n<div class=\"wp-block-file\"><a id=\"wp-block-file--media-75a1b1b0-cc21-40da-a1e7-04a787d04024\" href=\"https:\/\/www.obec-stasov.cz\/wp-content\/uploads\/2025\/06\/Zapis-c.-25-ze-zasedani-zastupitelstva-obce-Stasov_290525-1.pdf\">Zapis-c.-25-ze-zasedani-zastupitelstva-obce-Stasov_290525-1<\/a><a href=\"https:\/\/www.obec-stasov.cz\/wp-content\/uploads\/2025\/06\/Zapis-c.-25-ze-zasedani-zastupitelstva-obce-Stasov_290525-1.pdf\" class=\"wp-block-file__button wp-element-button\" download aria-describedby=\"wp-block-file--media-75a1b1b0-cc21-40da-a1e7-04a787d04024\">St\u00e1hnout<\/a><\/div>\n\n\n\n<div class=\"wp-block-file\"><a id=\"wp-block-file--media-36f09fdf-1e02-4c92-a605-c1c597327547\" href=\"https:\/\/www.obec-stasov.cz\/wp-content\/uploads\/2025\/02\/Zapis-c.-24-ze-zasedani-zastupitelstva-obce-Stasov_200225.pdf\">Zapis-c.-24-ze-zasedani-zastupitelstva-obce-Stasov_200225<\/a><a href=\"https:\/\/www.obec-stasov.cz\/wp-content\/uploads\/2025\/02\/Zapis-c.-24-ze-zasedani-zastupitelstva-obce-Stasov_200225.pdf\" class=\"wp-block-file__button wp-element-button\" download aria-describedby=\"wp-block-file--media-36f09fdf-1e02-4c92-a605-c1c597327547\">St\u00e1hnout<\/a><\/div>\n\n\n\n<p>2024<\/p>\n\n\n\n<div class=\"wp-block-file\"><a id=\"wp-block-file--media-72b08bbc-0feb-45a3-b78c-3b5706899c22\" href=\"https:\/\/www.obec-stasov.cz\/wp-content\/uploads\/2024\/12\/Zapis-c.-23-ze-zasedani-zastupitelstva-obce-Stasov_121224_Redigovano.pdf\">Zapis-c.-23-ze-zasedani-zastupitelstva-obce-Stasov_121224_Redigovano<\/a><a href=\"https:\/\/www.obec-stasov.cz\/wp-content\/uploads\/2024\/12\/Zapis-c.-23-ze-zasedani-zastupitelstva-obce-Stasov_121224_Redigovano.pdf\" class=\"wp-block-file__button wp-element-button\" download aria-describedby=\"wp-block-file--media-72b08bbc-0feb-45a3-b78c-3b5706899c22\">St\u00e1hnou<\/a><\/div>\n\n\n\n<div class=\"wp-block-file\"><a id=\"wp-block-file--media-ef3bab2e-04f9-4c7f-8d22-593c6460d4f2\" href=\"https:\/\/www.obec-stasov.cz\/wp-content\/uploads\/2024\/12\/Zapis-c.-22-ze-zasedani-zastupitelstva-obce-Stasov_281124_Redigovano-3.pdf\">Zapis-c.-22-ze-zasedani-zastupitelstva-obce-Stasov_281124_Redigovano-3<\/a><a href=\"https:\/\/www.obec-stasov.cz\/wp-content\/uploads\/2024\/12\/Zapis-c.-22-ze-zasedani-zastupitelstva-obce-Stasov_281124_Redigovano-3.pdf\" class=\"wp-block-file__button wp-element-button\" download aria-describedby=\"wp-block-file--media-ef3bab2e-04f9-4c7f-8d22-593c6460d4f2\">St\u00e1hnout<\/a><\/div>\n\n\n\n<div class=\"wp-block-file\"><a id=\"wp-block-file--media-356feeb0-c05a-45ff-a0f4-13cdcde168c4\" href=\"https:\/\/www.obec-stasov.cz\/wp-content\/uploads\/2024\/09\/Zapis-c.-21-ze-zasedani-zastupitelstva-obce-Stasov_120924_Redigovano.pdf\">Zapis-c.-21-ze-zasedani-zastupitelstva-obce-Stasov_120924_Redigovano<\/a><a href=\"https:\/\/www.obec-stasov.cz\/wp-content\/uploads\/2024\/09\/Zapis-c.-21-ze-zasedani-zastupitelstva-obce-Stasov_120924_Redigovano.pdf\" class=\"wp-block-file__button wp-element-button\" download aria-describedby=\"wp-block-file--media-356feeb0-c05a-45ff-a0f4-13cdcde168c4\">St\u00e1hnout<\/a><\/div>\n\n\n\n<div class=\"wp-block-file\"><a id=\"wp-block-file--media-470b6c4b-ebdb-4435-bb74-8abc128c6277\" href=\"https:\/\/www.obec-stasov.cz\/wp-content\/uploads\/2024\/07\/Zapis-c.-20-ze-zasedani-zastupitelstva-obce-Stasov_270624_Redigovano.pdf\">Zapis-c.-20-ze-zasedani-zastupitelstva-obce-Stasov_270624_Redigovano<\/a><a href=\"https:\/\/www.obec-stasov.cz\/wp-content\/uploads\/2024\/07\/Zapis-c.-20-ze-zasedani-zastupitelstva-obce-Stasov_270624_Redigovano.pdf\" class=\"wp-block-file__button wp-element-button\" download aria-describedby=\"wp-block-file--media-470b6c4b-ebdb-4435-bb74-8abc128c6277\">St\u00e1hnout<\/a><\/div>\n\n\n\n<div class=\"wp-block-file\"><a id=\"wp-block-file--media-7a77702d-6891-4441-9fb5-8aa232599ba1\" href=\"https:\/\/www.obec-stasov.cz\/wp-content\/uploads\/2024\/06\/Zapis-c.-19-ze-zasedani-zastupitelstva-obce-Stasov_280524.pdf\">Zapis-c.-19-ze-zasedani-zastupitelstva-obce-Stasov_280524<\/a><a href=\"https:\/\/www.obec-stasov.cz\/wp-content\/uploads\/2024\/06\/Zapis-c.-19-ze-zasedani-zastupitelstva-obce-Stasov_280524.pdf\" class=\"wp-block-file__button wp-element-button\" download aria-describedby=\"wp-block-file--media-7a77702d-6891-4441-9fb5-8aa232599ba1\">St\u00e1hnout<\/a><\/div>\n\n\n\n<div class=\"wp-block-file\"><a id=\"wp-block-file--media-cb3c05a5-8b04-4fcb-bea2-d0fb0af901b1\" href=\"https:\/\/www.obec-stasov.cz\/wp-content\/uploads\/2024\/03\/Zapis-c.-18-ze-zasedani-zastupitelstva-obce-Stasov_200324.pdf\">Zapis-c.-18-ze-zasedani-zastupitelstva-obce-Stasov_200324<\/a><a href=\"https:\/\/www.obec-stasov.cz\/wp-content\/uploads\/2024\/03\/Zapis-c.-18-ze-zasedani-zastupitelstva-obce-Stasov_200324.pdf\" class=\"wp-block-file__button wp-element-button\" download aria-describedby=\"wp-block-file--media-cb3c05a5-8b04-4fcb-bea2-d0fb0af901b1\">St\u00e1hnout<\/a><\/div>\n\n\n\n<p>2023<\/p>\n\n\n\n<div class=\"wp-block-file\"><a id=\"wp-block-file--media-ae960508-638b-4de8-93cb-6a93368dcc8e\" href=\"https:\/\/www.obec-stasov.cz\/wp-content\/uploads\/2024\/03\/Zapis-c.-17-ze-zasedani-zastupitelstva-obce-Stasov_141223.pdf\">Zapis-c.-17-ze-zasedani-zastupitelstva-obce-Stasov_141223<\/a><a href=\"https:\/\/www.obec-stasov.cz\/wp-content\/uploads\/2024\/03\/Zapis-c.-17-ze-zasedani-zastupitelstva-obce-Stasov_141223.pdf\" class=\"wp-block-file__button wp-element-button\" download aria-describedby=\"wp-block-file--media-ae960508-638b-4de8-93cb-6a93368dcc8e\">St\u00e1hnout<\/a><\/div>\n\n\n\n<div class=\"wp-block-file\"><a id=\"wp-block-file--media-49e129ac-1c26-41c6-b6bf-beb490684fdc\" href=\"https:\/\/www.obec-stasov.cz\/wp-content\/uploads\/2024\/03\/Zapis-c.-16-ze-zasedani-zastupitelstva-obce-Stasov_221123.pdf\">Zapis-c.-16-ze-zasedani-zastupitelstva-obce-Stasov_221123<\/a><a href=\"https:\/\/www.obec-stasov.cz\/wp-content\/uploads\/2024\/03\/Zapis-c.-16-ze-zasedani-zastupitelstva-obce-Stasov_221123.pdf\" class=\"wp-block-file__button wp-element-button\" download aria-describedby=\"wp-block-file--media-49e129ac-1c26-41c6-b6bf-beb490684fdc\">St\u00e1hnout<\/a><\/div>\n\n\n\n<div class=\"wp-block-file\"><a id=\"wp-block-file--media-c6c9877f-1fa3-4e34-ad04-997ed897b781\" href=\"https:\/\/www.obec-stasov.cz\/wp-content\/uploads\/2024\/03\/Zapis-c.-15-ze-zasedani-zastupitelstva-obce-Stasov_051023.pdf\">Zapis-c.-15-ze-zasedani-zastupitelstva-obce-Stasov_051023<\/a><a href=\"https:\/\/www.obec-stasov.cz\/wp-content\/uploads\/2024\/03\/Zapis-c.-15-ze-zasedani-zastupitelstva-obce-Stasov_051023.pdf\" class=\"wp-block-file__button wp-element-button\" download aria-describedby=\"wp-block-file--media-c6c9877f-1fa3-4e34-ad04-997ed897b781\">St\u00e1hnout<\/a><\/div>\n\n\n\n<div class=\"wp-block-file\"><a id=\"wp-block-file--media-b3e0d35a-3522-4696-8e2a-318e416cb87a\" href=\"https:\/\/www.obec-stasov.cz\/wp-content\/uploads\/2024\/03\/Zapis-c.-14-ze-zasedani-zastupitelstva-obce-Stasov_110923.pdf\">Zapis-c.-14-ze-zasedani-zastupitelstva-obce-Stasov_110923<\/a><a href=\"https:\/\/www.obec-stasov.cz\/wp-content\/uploads\/2024\/03\/Zapis-c.-14-ze-zasedani-zastupitelstva-obce-Stasov_110923.pdf\" class=\"wp-block-file__button wp-element-button\" download aria-describedby=\"wp-block-file--media-b3e0d35a-3522-4696-8e2a-318e416cb87a\">St\u00e1hnout<\/a><\/div>\n\n\n\n<div class=\"wp-block-file\"><a id=\"wp-block-file--media-722586c4-0e6a-41e2-9d52-0d4dfa4cf825\" href=\"https:\/\/www.obec-stasov.cz\/wp-content\/uploads\/2024\/03\/Zapis-c.-13-ze-zasedani-zastupitelstva-obce-Stasov_160823.pdf\">Zapis-c.-13-ze-zasedani-zastupitelstva-obce-Stasov_160823<\/a><a href=\"https:\/\/www.obec-stasov.cz\/wp-content\/uploads\/2024\/03\/Zapis-c.-13-ze-zasedani-zastupitelstva-obce-Stasov_160823.pdf\" class=\"wp-block-file__button wp-element-button\" download aria-describedby=\"wp-block-file--media-722586c4-0e6a-41e2-9d52-0d4dfa4cf825\">St\u00e1hnout<\/a><\/div>\n\n\n\n<p><\/p>\n\n\n\n<p>Star\u0161\u00ed z\u00e1pisy a usnesen\u00ed zastupitelstva jsou k nahl\u00e9dnut\u00ed v \u00fa\u0159edn\u00ed hodiny na O\u00da<\/p>\n\n\n\n<div class=\"wp-block-file\"><a id=\"wp-block-file--media-77c7460a-58b2-41ff-83d7-3747153b4145\" href=\"https:\/\/www.obec-stasov.cz\/wp-content\/uploads\/2024\/03\/Jednaci-rad-obecniho-zastupitelstva-ve-Stasove-2014.pdf\">Jednaci-rad-obecniho-zastupitelstva-ve-Stasove-2014<\/a><a href=\"https:\/\/www.obec-stasov.cz\/wp-content\/uploads\/2024\/03\/Jednaci-rad-obecniho-zastupitelstva-ve-Stasove-2014.pdf\" class=\"wp-block-file__button wp-element-button\" download aria-describedby=\"wp-block-file--media-77c7460a-58b2-41ff-83d7-3747153b4145\">St\u00e1hnout<\/a><\/div>\n","protected":false},"excerpt":{"rendered":"<p>2026 2025 2024 2023 Star\u0161\u00ed z\u00e1pisy a usnesen\u00ed zastupitelstva jsou k nahl\u00e9dnut\u00ed v \u00fa\u0159edn\u00ed hodiny na O\u00da<\/p>\n","protected":false},"author":4,"featured_media":0,"parent":1,"menu_order":0,"comment_status":"closed","ping_status":"closed","template":"","meta":{"footnotes":""},"_links":{"self":[{"href":"https:\/\/www.obec-stasov.cz\/index.php?rest_route=\/wp\/v2\/pages\/6127"}],"collection":[{"href":"https:\/\/www.obec-stasov.cz\/index.php?rest_route=\/wp\/v2\/pages"}],"about":[{"href":"https:\/\/www.obec-stasov.cz\/index.php?rest_route=\/wp\/v2\/types\/page"}],"author":[{"embeddable":true,"href":"https:\/\/www.obec-stasov.cz\/index.php?rest_route=\/wp\/v2\/users\/4"}],"replies":[{"embeddable":true,"href":"https:\/\/www.obec-stasov.cz\/index.php?rest_route=%2Fwp%2Fv2%2Fcomments&post=6127"}],"version-history":[{"count":28,"href":"https:\/\/www.obec-stasov.cz\/index.php?rest_route=\/wp\/v2\/pages\/6127\/revisions"}],"predecessor-version":[{"id":7232,"href":"https:\/\/www.obec-stasov.cz\/index.php?rest_route=\/wp\/v2\/pages\/6127\/revisions\/7232"}],"up":[{"embeddable":true,"href":"https:\/\/www.obec-stasov.cz\/index.php?rest_route=\/wp\/v2\/pages\/1"}],"wp:attachment":[{"href":"https:\/\/www.obec-stasov.cz\/index.php?rest_route=%2Fwp%2Fv2%2Fmedia&parent=6127"}],"curies":[{"name":"wp","href":"https:\/\/api.w.org\/{rel}","templated":true}]}}