{"id":6946,"date":"2025-09-09T09:11:33","date_gmt":"2025-09-09T07:11:33","guid":{"rendered":"https:\/\/www.obec-stasov.cz\/?page_id=6946"},"modified":"2026-04-07T12:28:54","modified_gmt":"2026-04-07T10:28:54","slug":"krizove-situace","status":"publish","type":"page","link":"https:\/\/www.obec-stasov.cz\/?page_id=6946","title":{"rendered":"Krizov\u00e9 situace &#8211; 72 hodin"},"content":{"rendered":"\n<p>Ministerstvo vnitra a Hasi\u010dsk\u00fd z\u00e1chrann\u00fd sbor \u010cR p\u0159edstavuj\u00ed projekt 72 hodin \u2013 praktick\u00e1 p\u0159\u00edru\u010dka pro zvl\u00e1d\u00e1n\u00ed krizov\u00fdch situac\u00ed<\/p>\n\n\n\n<p><strong>Pro\u010d 72 hodin?<\/strong><br>V \u010cesk\u00e9 republice se setk\u00e1v\u00e1me s mnoha mimo\u0159\u00e1dn\u00fdmi ud\u00e1lostmi, kter\u00e9 mohou p\u0159er\u016fst do krizov\u00fdch situac\u00ed, jako jsou povodn\u011b, torn\u00e1da, po\u017e\u00e1ry, bou\u0159e nebo v\u00fdpadky z\u00e1kladn\u00edch slu\u017eeb. Ned\u00e1vn\u00fd v\u00fdpadek elektrick\u00e9ho proudu na za\u010d\u00e1tku \u010dervence a povodn\u011b v roce 2024 uk\u00e1zaly, jak rychle se m\u016f\u017ee b\u011b\u017en\u00fd \u017eivot zm\u011bnit. Pro mnoho zasa\u017een\u00fdch rodin b\u00fdvaj\u00ed v t\u011bchto krizov\u00fdch situac\u00edch nejt\u011b\u017e\u0161\u00ed prvn\u00ed t\u0159i dny \u2013 tedy 72 hodin.<\/p>\n\n\n\n<p><em>\u201eB\u011bhem t\u011bchto 72 hodin m\u016f\u017eeme \u010delit v\u00fdpadk\u016fm vody, tepla, elekt\u0159iny \u010di internetu. Proto je z\u00e1sadn\u00ed m\u00edt doma nouzov\u00e9 z\u00e1soby j\u00eddla, vody a p\u0159\u00edstup ke spolehliv\u00fdm informac\u00edm, abychom v\u011bd\u011bli, co se kolem n\u00e1s d\u011bje. P\u0159ipravenost n\u00e1m umo\u017en\u00ed ochr\u00e1nit nejen sebe, ale i sv\u00e9 bl\u00edzk\u00e9<\/em>.<\/p>\n\n\n\n<p>Vytvo\u0159eno ve spolupr\u00e1ci odborn\u00edk\u016f z oblasti krizov\u00e9ho \u0159\u00edzen\u00ed a komunikace. Seznam je ur\u010den k praktick\u00e9mu pou\u017eit\u00ed pro zvl\u00e1d\u00e1n\u00ed krizov\u00fdch situac\u00ed. V\u00edc se dozv\u00edte na webu&nbsp;<a href=\"http:\/\/www.72h.gov.cz\/\">http:\/\/www.72h.gov.cz<\/a><\/p>\n\n\n\n<p><\/p>\n\n\n\n<p>Vytvo\u0159eno ve spolupr\u00e1ci odborn\u00edk\u016f z oblasti krizov\u00e9ho \u0159\u00edzen\u00ed a komunikace. Seznam je ur\u010den k praktick\u00e9mu pou\u017eit\u00ed pro zvl\u00e1d\u00e1n\u00ed krizov\u00fdch situac\u00ed. V\u00edc se dozv\u00edte na webu www.72h.gov.cz.<\/p>\n\n\n\n<p><\/p>\n\n\n\n<p>Jak\u00e9 z\u00e1soby jsou nejd\u016fle\u017eit\u011bj\u0161\u00ed?<\/p>\n\n\n\n<p>Co dal\u0161\u00edho m\u00edt p\u0159ipraven\u00e9?<\/p>\n\n\n\n<p>Co si zabalit do evakua\u010dn\u00edho zavazadla?<\/p>\n\n\n\n<p>Obsah dom\u00e1c\u00ed l\u00e9k\u00e1rni\u010dky<\/p>\n\n\n\n<div class=\"wp-block-file\"><object class=\"wp-block-file__embed\" data=\"https:\/\/www.obec-stasov.cz\/wp-content\/uploads\/2025\/09\/Co-si-pripravit-na-72-hodin-krizove-situace_-1.pdf\" type=\"application\/pdf\" style=\"width:100%;height:600px\" aria-label=\"Vlo\u017eit z Co-si-pripravit-na-72-hodin-krizove-situace_-1.\"><\/object><a id=\"wp-block-file--media-5859b3f7-0894-412d-b754-edab54e0e904\" href=\"https:\/\/www.obec-stasov.cz\/wp-content\/uploads\/2025\/09\/Co-si-pripravit-na-72-hodin-krizove-situace_-1.pdf\">Co-si-pripravit-na-72-hodin-krizove-situace_-1<\/a><a href=\"https:\/\/www.obec-stasov.cz\/wp-content\/uploads\/2025\/09\/Co-si-pripravit-na-72-hodin-krizove-situace_-1.pdf\" class=\"wp-block-file__button wp-element-button\" download aria-describedby=\"wp-block-file--media-5859b3f7-0894-412d-b754-edab54e0e904\">St\u00e1hnout<\/a><\/div>\n\n\n\n<p class=\"has-vivid-cyan-blue-color has-text-color has-medium-font-size\"><strong>Z\u00e1kladn\u00ed rady obyvatelstvu pro p\u0159\u00edpad krizov\u00e9 nebo mimo\u0159\u00e1dn\u00e9 situace<\/strong><\/p>\n\n\n\n<p>Hasi\u010dsk\u00fd z\u00e1chrann\u00fd sbor \u010cesk\u00e9 republiky na sv\u00fdch internetov\u00fdch str\u00e1nk\u00e1ch p\u0159ipravil pro ob\u010dany z\u00e1kladn\u00ed rady k p\u0159ipravenosti obyvatelstva na mimo\u0159\u00e1dn\u00e9 ud\u00e1losti a krizov\u00e9 situace.\u00a0<\/p>\n\n\n\n<p><a href=\"https:\/\/hzscr.gov.cz\/clanek\/vychova-a-vzdelavani-obyvatelstva-ukryti-rady-obyvatelstvu.aspx\">https:\/\/hzscr.gov.cz\/clanek\/vychova-a-vzdelavani-obyvatelstva-ukryti-rady-obyvatelstvu.aspx<\/a><\/p>\n","protected":false},"excerpt":{"rendered":"<p>Ministerstvo vnitra a Hasi\u010dsk\u00fd z\u00e1chrann\u00fd sbor \u010cR p\u0159edstavuj\u00ed projekt 72 hodin \u2013 praktick\u00e1 p\u0159\u00edru\u010dka pro zvl\u00e1d\u00e1n\u00ed krizov\u00fdch situac\u00ed Pro\u010d 72 hodin?V \u010cesk\u00e9 republice se setk\u00e1v\u00e1me s mnoha mimo\u0159\u00e1dn\u00fdmi ud\u00e1lostmi, kter\u00e9 mohou p\u0159er\u016fst do krizov\u00fdch situac\u00ed, jako jsou povodn\u011b, torn\u00e1da, po\u017e\u00e1ry, bou\u0159e nebo v\u00fdpadky z\u00e1kladn\u00edch slu\u017eeb. Ned\u00e1vn\u00fd v\u00fdpadek elektrick\u00e9ho proudu na za\u010d\u00e1tku \u010dervence a povodn\u011b v [&hellip;]<\/p>\n","protected":false},"author":4,"featured_media":0,"parent":0,"menu_order":0,"comment_status":"closed","ping_status":"closed","template":"","meta":{"footnotes":""},"_links":{"self":[{"href":"https:\/\/www.obec-stasov.cz\/index.php?rest_route=\/wp\/v2\/pages\/6946"}],"collection":[{"href":"https:\/\/www.obec-stasov.cz\/index.php?rest_route=\/wp\/v2\/pages"}],"about":[{"href":"https:\/\/www.obec-stasov.cz\/index.php?rest_route=\/wp\/v2\/types\/page"}],"author":[{"embeddable":true,"href":"https:\/\/www.obec-stasov.cz\/index.php?rest_route=\/wp\/v2\/users\/4"}],"replies":[{"embeddable":true,"href":"https:\/\/www.obec-stasov.cz\/index.php?rest_route=%2Fwp%2Fv2%2Fcomments&post=6946"}],"version-history":[{"count":4,"href":"https:\/\/www.obec-stasov.cz\/index.php?rest_route=\/wp\/v2\/pages\/6946\/revisions"}],"predecessor-version":[{"id":7322,"href":"https:\/\/www.obec-stasov.cz\/index.php?rest_route=\/wp\/v2\/pages\/6946\/revisions\/7322"}],"wp:attachment":[{"href":"https:\/\/www.obec-stasov.cz\/index.php?rest_route=%2Fwp%2Fv2%2Fmedia&parent=6946"}],"curies":[{"name":"wp","href":"https:\/\/api.w.org\/{rel}","templated":true}]}}

Krizové situace &#8211; 72 hodin

<p>Ministerstvo vnitra a Hasičský záchranný sbor ČR představují projekt 72 hodin – praktická příručka pro zvládání krizových situací</p>



<p><strong>Proč 72 hodin?</strong><br>V České republice se setkáváme s mnoha mimořádnými událostmi, které mohou přerůst do krizových situací, jako jsou povodně, tornáda, požáry, bouře nebo výpadky základních služeb. Nedávný výpadek elektrického proudu na začátku července a povodně v roce 2024 ukázaly, jak rychle se může běžný život změnit. Pro mnoho zasažených rodin bývají v těchto krizových situacích nejtěžší první tři dny – tedy 72 hodin.</p>



<p><em>„Během těchto 72 hodin můžeme čelit výpadkům vody, tepla, elektřiny či internetu. Proto je zásadní mít doma nouzové zásoby jídla, vody a přístup ke spolehlivým informacím, abychom věděli, co se kolem nás děje. Připravenost nám umožní ochránit nejen sebe, ale i své blízké</em>.</p>



<p>Vytvořeno ve spolupráci odborníků z oblasti krizového řízení a komunikace. Seznam je určen k praktickému použití pro zvládání krizových situací. Víc se dozvíte na webu&nbsp;<a href="http://www.72h.gov.cz/">http://www.72h.gov.cz</a></p>



<p></p>



<p>Vytvořeno ve spolupráci odborníků z oblasti krizového řízení a komunikace. Seznam je určen k praktickému použití pro zvládání krizových situací. Víc se dozvíte na webu www.72h.gov.cz.</p>



<p></p>



<p>Jaké zásoby jsou nejdůležitější?</p>



<p>Co dalšího mít připravené?</p>



<p>Co si zabalit do evakuačního zavazadla?</p>



<p>Obsah domácí lékárničky</p>



<div class="wp-block-file"><object class="wp-block-file__embed" data="https://www.obec-stasov.cz/wp-content/uploads/2025/09/Co-si-pripravit-na-72-hodin-krizove-situace_-1.pdf" type="application/pdf" style="width:100%;height:600px" aria-label="Vložit z Co-si-pripravit-na-72-hodin-krizove-situace_-1."></object><a id="wp-block-file--media-5859b3f7-0894-412d-b754-edab54e0e904" href="https://www.obec-stasov.cz/wp-content/uploads/2025/09/Co-si-pripravit-na-72-hodin-krizove-situace_-1.pdf">Co-si-pripravit-na-72-hodin-krizove-situace_-1</a><a href="https://www.obec-stasov.cz/wp-content/uploads/2025/09/Co-si-pripravit-na-72-hodin-krizove-situace_-1.pdf" class="wp-block-file__button wp-element-button" download aria-describedby="wp-block-file--media-5859b3f7-0894-412d-b754-edab54e0e904">Stáhnout</a></div>



<p class="has-vivid-cyan-blue-color has-text-color has-medium-font-size"><strong>Základní rady obyvatelstvu pro případ krizové nebo mimořádné situace</strong></p>



<p>Hasičský záchranný sbor České republiky na svých internetových stránkách připravil pro občany základní rady k připravenosti obyvatelstva na mimořádné události a krizové situace. </p>



<p><a href="https://hzscr.gov.cz/clanek/vychova-a-vzdelavani-obyvatelstva-ukryti-rady-obyvatelstvu.aspx">https://hzscr.gov.cz/clanek/vychova-a-vzdelavani-obyvatelstva-ukryti-rady-obyvatelstvu.aspx</a></p>

<p>Ministerstvo vnitra a Hasičský záchranný sbor ČR představují projekt 72 hodin – praktická příručka pro zvládání krizových situací Proč 72 hodin?V České republice se setkáváme s mnoha mimořádnými událostmi, které mohou přerůst do krizových situací, jako jsou povodně, tornáda, požáry, bouře nebo výpadky základních služeb. Nedávný výpadek elektrického proudu na začátku července a povodně v [&hellip;]</p>
